20*j + 3191. Determine y(-10).
-9
Let v(m) = -227*m + 240. Give v(1).
13
Let n(d) = 7*d**2 + 2545*d + 2543. Give n(-1).
5
Let h(p) = 109*p + 322. Determine h(-4).
-114
Let h(q) = -q**3 - 29*q**2 + 73*q + 352. Determine h(-31).
11
Let k(s) = -18*s**2 - 156*s - 96. Give k(-8).
0
Let w(j) = -2*j**3 + 5*j**2 + 7*j - 1. Calculate w(4).
-21
Let a(o) = -6*o**3 + 362*o**2 + 256*o - 715. Calculate a(61).
17
Let o(t) = 144*t - 13. Calculate o(-2).
-301
Let p(w) = -142*w + 1840. Give p(13).
-6
Let v(r) = -4*r**2 + 254*r - 166. Determine v(63).
-40
Let n(q) = q**3 - 126*q**2 - 314*q + 7425. Give n(128).
1
Let c(i) = -13*i**3 + 18*i**2 - 20*i + 2. Determine c(1).
-13
Let p(c) = c**2 + 21*c + 11. Calculate p(-10).
-99
Let x(c) = c**2 + 64*c + 811. Determine x(-17).
12
Let a(s) = -3*s - 121. Determine a(-14).
-79
Let f(q) = 3*q**3 - 28*q**2 - 12*q - 107. What is f(10)?
-27
Let t(x) = x**3 - 15*x**2 + 25*x - 62. Give t(15).
313
Let r(h) = -873*h - 55868. Calculate r(-64).
4
Let v(w) = -82*w + 68. Determine v(1).
-14
Let t(c) = 30*c**2 - 1046*c - 30. Give t(35).
110
Let d(c) = 44*c - 178. What is d(4)?
-2
Let c(w) = -97*w - 210. Calculate c(-2).
-16
Let r(m) = m**3 + 2*m**2 + 24*m - 127. Determine r(4).
65
Let g(c) = -84*c + 1851. Determine g(22).
3
Let k(i) = i**3 + 236*i**2 - 12316*i - 182. Determine k(44).
-6
Let n(m) = -2510*m + 17557. Give n(7).
-13
Let r(s) = -846*s + 38907. What is r(46)?
-9
Let r(y) = -4*y + 63. What is r(-12)?
111
Let l(k) = -k**3 + 38*k**2 + 76*k + 110. Determine l(40).
-50
Let v(t) = 3294*t + 36234. Give v(-11).
0
Let m(p) = -30*p + 1815. Give m(59).
45
Let u(t) = t**3 - 7*t**2 + 39*t - 195. Determine u(11).
718
Let f(r) = -r**2 + 13*r + 55. Determine f(17).
-13
Let v(b) = -2*b**3 - 15*b**2 - 5*b - 11. Calculate v(-5).
-111
Let o(s) = s**3 - 2*s**2 - 18*s - 45. Give o(-5).
-130
Let i(w) = -148*w + 20. What is i(1)?
-128
Let i(o) = o**3 - 9*o**2 + 4*o - 26. Determine i(9).
10
Let n(t) = t**2 - 1043*t - 56. Calculate n(0).
-56
Let c(l) = l**3 - 33*l**2 - 161*l + 487. What is c(37)?
6
Let g(w) = 77*w**2 - 3*w - 7. What is g(-2)?
307
Let t(o) = -2*o**3 - 8*o**2 + 23*o + 2. Calculate t(-7).
135
Let u(f) = -f**3 + 53*f**2 + 58*f - 223. Determine u(54).
-7
Let p(a) = a**2 - 10*a + 75. Give p(21).
306
Let s(p) = -2568*p - 41126. Give s(-16).
-38
Let g(p) = 2*p**2 - 55*p - 515. What is g(35)?
10
Let t(g) = -524*g - 7854. Give t(-15).
6
Let r(b) = 4*b**2 + 131*b - 71. Calculate r(-28).
-603
Let m(o) = 4*o**3 + 106*o**2 + 94*o + 1087. Calculate m(-26).
-5
Let b(d) = d**3 + 37*d**2 - 75*d - 42. Determine b(-39).
-159
Let o(c) = 9*c - 86. What is o(-40)?
-446
Let c(i) = -1841*i - 3678. Calculate c(-2).
4
Let y(v) = 316*v**2 - 92*v + 92. Calculate y(1).
316
Let u(x) = x**3 + 61*x**2 + 384*x + 88. Calculate u(-54).
-236
Let g(y) = -6*y**2 - 862*y + 261. What is g(-144)?
-27
Let y(w) = 6244*w + 18739. Calculate y(-3).
7
Let l(k) = 45*k + 188. What is l(-6)?
-82
Let w(o) = -80*o. What is w(1)?
-80
Let c(j) = 7*j + 108. Calculate c(-12).
24
Let b(o) = 10*o**2 - 110*o - 90. What is b(11)?
-90
Let c(q) = 185*q**2 - 739*q - 11. Give c(4).
-7
Let s(r) = r**2 - 15577*r + 140106. What is s(9)?
-6
Let r(a) = -a**2 - 149*a - 3740. Determine r(-32).
4
Let p(s) = s**3 - 9*s**2 + 8*s - 22. Determine p(9).
50
Let u(v) = -v**2 + 61*v + 823. Determine u(72).
31
Let s(c) = -c**3 + 247*c**2 - 2*c + 524. Give s(247).
30
Let m(p) = -35*p - 220. Give m(-8).
60
Let q(i) = -8*i - 415. Calculate q(-52).
1
Let f(h) = 3*h**2 - 69*h + 132. Give f(2).
6
Let k(q) = -45*q - 2925. Give k(-65).
0
Let c(y) = -y**3 - 14*y**2 + 79*y + 123. Determine c(-18).
-3
Let c(b) = -2*b**3 + 26*b**2 + 24*b + 41. Calculate c(14).
-15
Let y(i) = i**3 - 28*i**2 + 57*i - 124. Determine y(26).
6
Let d(o) = -2*o**2 - 62*o + 504. What is d(-38)?
-28
Let d(i) = 2*i**3 - 8*i**2 - 76*i + 108. Calculate d(8).
12
Let k(l) = -l**3 - 6*l**2 + 211*l - 5. What is k(12)?
-65
Let d(m) = -4*m**2 + 603*m + 3067. Determine d(-5).
-48
Let s(a) = -a**3 + 17*a**2 - 65*a - 29. What is s(11)?
-18
Let o(d) = d**2 - 44*d + 460. What is o(17)?
1
Let d(r) = -2*r**3 + 34*r**2 + 6*r + 11. Give d(17).
113
Let g(n) = n**3 - 20*n**2 - 25*n + 17. Calculate g(21).
-67
Let l(j) = 23*j**2 + 27*j - 60. Calculate l(2).
86
Let y(w) = -333*w**2 + 2325*w + 22. Calculate y(7).
-20
Let g(q) = -2*q + 7. Give g(-22).
51
Let b(d) = d**2 + 68*d + 71. Calculate b(-65).
-124
Let h(n) = -n**2 - 89*n - 1932. Determine h(-32).
-108
Let g(a) = -a**3 - 25*a**2 + 60*a + 33. What is g(-27)?
-129
Let j(d) = -50*d - 790. Calculate j(-13).
-140
Let r(u) = -173*u**3 - 3*u**2 + 7*u - 5. What is r(1)?
-174
Let j(n) = -23*n**3 - 15*n + 26. Give j(2).
-188
Let i(c) = -34*c - 141. What is i(-4)?
-5
Let w(g) = 2*g**3 + 27*g**2 - 81*g - 5. What is w(-16)?
11
Let a(i) = -171*i + 688. Give a(4).
4
Let p(t) = 3*t**2 - 93*t - 224. What is p(34)?
82
Let a(z) = -z**3 + 5*z**2 - z + 5. Calculate a(5).
0
Let g(q) = q**2 + 47*q + 143. Give g(-16).
-353
Let t(d) = 2*d**3 - 3*d**2 + 10*d - 15. What is t(4)?
105
Let a(w) = w**3 + 93*w**2 + 84*w - 742. What is a(-92)?
-6
Let l(f) = -f**3 + 16*f**2 - 22*f - 489. Determine l(11).
-126
Let a(o) = -o**2 + o + 148. Give a(12).
16
Let r(y) = y**2 + 20*y + 343. What is r(-16)?
279
Let s(h) = -8*h**2 - 97*h. Calculate s(-13).
-91
Let g(n) = -n**2 + 56*n - 797. Determine g(29).
-14
Let u(b) = 4154*b + 33223. Give u(-8).
-9
Let b(d) = 20*d**3 - 2*d**2 + 21*d - 20. What is b(1)?
19
Let a(c) = -c**3 - 6*c**2 + 20*c + 34. Give a(-8).
2
Let r(a) = -939*a + 13129. Calculate r(14).
-17
Let f(r) = 7*r + 14. Calculate f(20).
154
Let j(t) = -5*t**3 - 8*t + 12. What is j(2)?
-44
Let y(t) = -t**3 + 3*t**2 + 9*t + 23. Give y(5).
18
Let s(k) = -k**3 - 10*k**2 - 10*k - 161. Calculate s(-10).
-61
Let n(l) = l**3 + 3*l**2 + 20*l + 153. Give n(-5).
3
Let c(y) = y**3 - 9*y**2 + 12*y - 14. Give c(2).
-18
Let q(j) = j**3 + 38*j**2 - 133*j + 6. Determine q(-41).
416
Let x(p) = 442*p - 1715. Calculate x(4).
53
Let s(m) = 2*m**2 + 51*m - 56. What is s(-28)?
84
Let i(q) = 50*q + 106. Determine i(2).
206
Let t(l) = l**3 + 14*l**2 + 49*l - 3. Give t(-7).
-3
Let x(f) = -4*f**2 + 80*f - 37. Give x(20).
-37
Let z(v) = 2*v**3 - 98*v**2 - 98*v - 131. Determine z(50).
-31
Let p(g) = 2*g**3 - 14*g**2 - 18*g + 59. Determine p(7).
-67
Let y(j) = 210*j + 7. Give y(2).
427
Let p(j) = -4*j**2 + 198*j + 587. Give p(-3).
-43
Let z(v) = 39*v + 2464. Calculate z(-63).
7
Let n(c) = -c**3 + 64*c**2 + 67*c - 127. Calculate n(65).
3
Let r(d) = -50*d**2 - 699*d + 12. Determine r(-14).
-2
Let t(v) = 3*v**3 + 19*v**2 - 18*v - 3. Determine t(-7).
25
Let y(f) = 255*f - 7355. Calculate y(29).
40
Let j(q) = 2*q**3 - 34*q**2 + 32*q - 28. Calculate j(15).
-448
Let d(h) = -8*h**2 - 51*h - 369. Determine d(-6).
-351
Let y(r) = -113*r + 8114. What is y(72)?
-22
Let g(i) = -20*i - 199. Determine g(-11).
21
Let z(f) = 43*f - 205. Give z(5).
10
Let d(o) = -o**3 - 70*o**2 + 207*o + 30. Calculate d(3).
-6
Let a(k) = 18*k + 51. Determine a(-2).
15
Let v(n) = n**3 - n**2 - 31*n - 53. Calculate v(8).
147
Let x(a) = 78*a + 55. Give x(-4).
-257
Let t(p) = -p**3 - 4*p**2 + 106*p - 14. Calculate t(9).
-113
Let g(k) = k**2 + 337*k + 13818. Determine g(-48).
-54
Let u(s) = -s**3 - 20*s**2 + 116*s + 2754. Calculate u(-18).
18
Let h(t) = -t**3 - 10*t**2 - 26*t + 29. What is h(-6)?
41
Let k(y) = 106*y - 1587. Determine k(15).
3
Let l(i) = 794*i + 66. Determine l(-1).
-728
Let n(m) = m**3 - 28*m**2 + 93*m + 27. What is n(24)?
-45
Let s(y) = -3*y**2 - 81*y + 24. What is s(-28)?
-60
Let z(m) = -931*m + 1054. What is z(1)?
123
Let h(f) = 170*f**2 - 23459*f - 131. What is h(138)?
7
Let k(s) = -2039*s + 2070. What is k(1)?
31
Let y(t) = 24*t - 32. What is y(0)?
-32
Let g(j) = 4*j**2 - 103*j + 136. What is g(31)?
787
Let m(a) = -a**2 + 55*a - 527. Give m(23).
209
Let f(n) = -n**2 + 88*n - 1895. Determine f(44).
41
Let p(w) = 1146*w - 13758. Give p(12).
-6
Let r(w) = w**3 + 5*w**2 - 5*w + 13. Give r(0).
13
Let o(x) = -3*x**3 + 283*x**2 - 86*x - 751. Calculate o(94).
1
Let s(a) = -5*a**3 - a**2 + 6*a - 2. Give s(0).
-2
Let o(k) = -95*k**2 - 471*k + 27. Give o(-5).
7
Let s(q) = -25*q**2 - 99*q + 1. What is s(-4)?
-3
Let g(s) = -172*s - 4425. Give g(-26).
47
Let i(g) = -g**3 + 39*g**2 - 38*g + 41. Calculate i(38).